{"id":1,"date":"2019-07-19T11:04:16","date_gmt":"2019-07-19T11:04:16","guid":{"rendered":"https:\/\/fm2.dbcreate.eu\/?p=1"},"modified":"2022-04-05T14:40:28","modified_gmt":"2022-04-05T14:40:28","slug":"home","status":"publish","type":"page","link":"https:\/\/horn-metallbau.de\/","title":{"rendered":"Home"},"content":{"rendered":"<h1>Horn Metallbau seit 1895<\/h1>\n<hr>\n<h1>Familienbetrieb in der vierten Generation<\/h1>\n<p><img src=\"\/wp-content\/uploads\/2021\/05\/Horn_Metallbau_001.jpg\" alt=\"\"><\/p>\n<h1>Metallbau<\/h1>\n<div>\n<ul>\n<li>Gel\u00e4nder<\/li>\n<li>\u00dcberdachungen und Vord\u00e4cher mit Glas und Trapezblech<\/li>\n<li>Z\u00e4une<\/li>\n<li>Treppen und Balkone<\/li>\n<li>Sonderanfertigungen f\u00fcr Industrie und Daheim<\/li>\n<li>Kunstschmiedearbeiten<\/li>\n<li>Schwei\u00dfen von Stahl, Edelstahl- und Aluminiumbauteilen<\/li>\n<li>Design f\u00fcr Haus und Garten (z.B. Tischgestelle, Blumenk\u00e4sten aus Cortenstahl, etc.)<\/li>\n<li>Moderne CAD-Planung<\/li>\n<\/ul>\n<\/div>\n<p><img src=\"\/wp-content\/uploads\/2021\/04\/milling-cutters-3738903-scaled.jpg\" alt=\"\"><\/p>\n<h1>Tore &amp; T\u00fcren<\/h1>\n<div>\n<ul>\n<li>Garagentore<\/li>\n<li>Industrietore<\/li>\n<li>Antriebstechnik (Tor- und T\u00fcrantriebe)<\/li>\n<li>Einfahrtstore<\/li>\n<li>Brandschutzt\u00fcren und Brandschutztore<\/li>\n<li>Haus- und Mehrzweckt\u00fcren<\/li>\n<\/ul>\n<\/div>\n<p>\n    <a href=\"https:\/\/www.hoermann.de\/konfigurator\/?no_cache=1\">zum H\u00f6rmann Konfigurator<\/a>\n<\/p>\n<p><img src=\"\/wp-content\/uploads\/2021\/11\/PM-2101-F-EuropaPromotion-2021_Bild-1.jpg\" alt=\"\"><\/p>\n<div>\n<p>Abbildung: H\u00f6rmann KG<\/p>\n<\/div>\n<h1>Service<\/h1>\n<div>\n<ul>\n<li>Reparaturen und Instandsetzungen aller Art<\/li>\n<li>Wartung<\/li>\n<li>UVV-Pr\u00fcfung<\/li>\n<li>Wartungsvertrag<\/li>\n<\/ul>\n<\/div>\n<p><img src=\"\/wp-content\/uploads\/2021\/05\/Horn_Metallbau_002.jpg\" alt=\"\"><\/p>\n<h1>Handwerk seit mehr als 125 Jahren<\/h1>\n<ul>\n<li>\n<p>        <img src=\"\/wp-content\/uploads\/2021\/04\/horn_02-scaled.jpg\" alt=\"\"><\/p>\n<h3>horn_02<\/h3>\n<\/li>\n<li>\n<p>        <img src=\"\/wp-content\/uploads\/2021\/04\/horn_03-scaled.jpg\" alt=\"\"><\/p>\n<h3>horn_03<\/h3>\n<\/li>\n<li>\n<p>        <img src=\"\/wp-content\/uploads\/2021\/04\/horn_04-scaled.jpg\" alt=\"\"><\/p>\n<h3>horn_04<\/h3>\n<\/li>\n<li>\n<p>        <img src=\"\/wp-content\/uploads\/2021\/04\/20180324153252_01-scaled.jpg\" alt=\"\"><\/p>\n<h3>20180324153252_01<\/h3>\n<\/li>\n<li>\n<p>        <img src=\"\/wp-content\/uploads\/2021\/11\/Horn_Metallbau_002.jpg\" alt=\"\"><\/p>\n<h3>Horn_Metallbau_002<\/h3>\n<\/li>\n<li>\n<p>        <img src=\"\/wp-content\/uploads\/2021\/11\/Horn_Metallbau_001_historie.jpg\" alt=\"\"><\/p>\n<h3>Horn_Metallbau_001_historie<\/h3>\n<\/li>\n<li>\n<p>        <img src=\"\/wp-content\/uploads\/2021\/11\/Horn_Metallbau_003-historie.jpg\" alt=\"\"><\/p>\n<h3>Horn_Metallbau_003-historie<\/h3>\n<\/li>\n<\/ul>\n<div>\n<p>1895 wurde der Handwerksbetrieb als Schmiede &amp; Hufbeschlag gegr\u00fcndet und mittlerweile in der vierten Generation gef\u00fchrt. Im Jahr 1962 fand der Umzug von der Metzlersreuther Stra\u00dfe in die Heinrich-Christian-Funck-Stra\u00dfe statt. Wir k\u00f6nnen mittlerweile auf eine \u00fcber 125-j\u00e4hrige Firmengeschichte zur\u00fcckblicken.<\/p>\n<\/div>\n<h1>Wir freuen uns von Ihnen zu h\u00f6ren<\/h1>\n<div>\n<p><strong>Horn Metallbau<\/strong><br \/>Heinrich-Christian-Funck-Str. 15a<br \/>95482 Gefrees<\/p>\n<p>Tel.: 09254 91236<br \/>Fax: 09254 91237<\/p>\n<p>E-Mail: horn.metallbau@gmail.com<\/p>\n<\/div>\n<div>\n<p>50.0944,11.7409<\/p>\n<\/div>\n<div>\n<div class=\"wpforms-container wpforms-container-full\" id=\"wpforms-1404\"><form id=\"wpforms-form-1404\" class=\"wpforms-validate wpforms-form\" data-formid=\"1404\" method=\"post\" enctype=\"multipart\/form-data\" action=\"\/index.php?rest_route=%2Fwp%2Fv2%2Fpages%2F1\" data-token=\"7c1d18263877a49c291b18402a2bb918\"><noscript class=\"wpforms-error-noscript\">Bitte aktiviere JavaScript in deinem Browser, um dieses Formular fertigzustellen.<\/noscript><div class=\"wpforms-field-container\"><div id=\"wpforms-1404-field_0-container\" class=\"wpforms-field wpforms-field-name\" data-field-id=\"0\"><label class=\"wpforms-field-label\" for=\"wpforms-1404-field_0\">Name <span class=\"wpforms-required-label\">*<\/span><\/label><div class=\"wpforms-field-row wpforms-field-large\"><div class=\"wpforms-field-row-block wpforms-first wpforms-one-half\"><input type=\"text\" id=\"wpforms-1404-field_0\" class=\"wpforms-field-name-first wpforms-field-required\" name=\"wpforms[fields][0][first]\" required><label for=\"wpforms-1404-field_0\" class=\"wpforms-field-sublabel after \">Vorname<\/label><\/div><div class=\"wpforms-field-row-block wpforms-one-half\"><input type=\"text\" id=\"wpforms-1404-field_0-last\" class=\"wpforms-field-name-last wpforms-field-required\" name=\"wpforms[fields][0][last]\" required><label for=\"wpforms-1404-field_0-last\" class=\"wpforms-field-sublabel after \">Nachname<\/label><\/div><\/div><\/div><div id=\"wpforms-1404-field_1-container\" class=\"wpforms-field wpforms-field-email\" data-field-id=\"1\"><label class=\"wpforms-field-label\" for=\"wpforms-1404-field_1\">E-Mail <span class=\"wpforms-required-label\">*<\/span><\/label><input type=\"email\" id=\"wpforms-1404-field_1\" class=\"wpforms-field-large wpforms-field-required\" name=\"wpforms[fields][1]\" required><\/div><div id=\"wpforms-1404-field_2-container\" class=\"wpforms-field wpforms-field-textarea\" data-field-id=\"2\"><label class=\"wpforms-field-label\" for=\"wpforms-1404-field_2\">Kommentar oder Nachricht <span class=\"wpforms-required-label\">*<\/span><\/label><textarea id=\"wpforms-1404-field_2\" class=\"wpforms-field-large wpforms-field-required\" name=\"wpforms[fields][2]\" required><\/textarea><\/div><\/div><input type=\"hidden\" name=\"wpforms[recaptcha]\" value=\"\"><div class=\"wpforms-submit-container\"><input type=\"hidden\" name=\"wpforms[id]\" value=\"1404\"><input type=\"hidden\" name=\"wpforms[author]\" value=\"1\"><button type=\"submit\" name=\"wpforms[submit]\" id=\"wpforms-submit-1404\" class=\"wpforms-submit\" data-alt-text=\"Senden...\" data-submit-text=\"Absenden\" aria-live=\"assertive\" value=\"wpforms-submit\">Absenden<\/button><\/div><\/form><\/div>  <!-- .wpforms-container --><\/div>\n<p><!--more--><br \/>\n<!-- {\"type\":\"layout\",\"children\":[{\"type\":\"section\",\"props\":{\"style\":\"muted\",\"width\":\"default\",\"vertical_align\":\"middle\",\"title_position\":\"top-left\",\"title_rotation\":\"left\",\"title_breakpoint\":\"xl\",\"image_position\":\"center-center\"},\"children\":[{\"type\":\"row\",\"children\":[{\"type\":\"column\",\"props\":{\"image_position\":\"center-center\",\"media_overlay_gradient\":\"\",\"width_medium\":\"1-2\",\"vertical_align\":\"middle\"},\"children\":[{\"type\":\"headline\",\"props\":{\"title_element\":\"h1\",\"content\":\"Horn Metallbau seit 1895\",\"title_style\":\"heading-medium\"}},{\"type\":\"divider\",\"props\":{\"divider_element\":\"hr\",\"divider_style\":\"small\"}},{\"type\":\"headline\",\"props\":{\"title_element\":\"h1\",\"content\":\"Familienbetrieb in der vierten Generation\",\"title_style\":\"h3\"}}]},{\"type\":\"column\",\"props\":{\"image_position\":\"center-center\",\"media_overlay_gradient\":\"\",\"width_medium\":\"1-2\"},\"children\":[{\"type\":\"image\",\"props\":{\"margin\":\"default\",\"image_svg_color\":\"emphasis\",\"image\":\"wp-content\\\/uploads\\\/2021\\\/05\\\/Horn_Metallbau_001.jpg\",\"image_box_shadow\":\"small\",\"image_box_decoration\":\"primary\"}}]}],\"props\":{\"layout\":\"1-2,1-2\"}}]},{\"type\":\"section\",\"props\":{\"style\":\"default\",\"width\":\"default\",\"vertical_align\":\"middle\",\"title_position\":\"top-left\",\"title_rotation\":\"left\",\"title_breakpoint\":\"xl\",\"image_position\":\"center-center\"},\"children\":[{\"type\":\"row\",\"children\":[{\"type\":\"column\",\"props\":{\"image_position\":\"center-center\",\"media_overlay_gradient\":\"\"},\"children\":[]}]}]},{\"type\":\"section\",\"props\":{\"style\":\"muted\",\"width\":\"default\",\"vertical_align\":\"middle\",\"title_position\":\"top-left\",\"title_rotation\":\"left\",\"title_breakpoint\":\"xl\",\"image_position\":\"center-center\",\"padding\":\"large\",\"id\":\"metallbau\"},\"children\":[{\"type\":\"row\",\"props\":{\"layout\":\"1-2,1-2\"},\"children\":[{\"type\":\"column\",\"props\":{\"image_position\":\"center-center\",\"media_overlay_gradient\":\"\",\"width_medium\":\"1-2\"},\"children\":[{\"type\":\"headline\",\"props\":{\"title_element\":\"h1\",\"content\":\"Metallbau\",\"title_decoration\":\"bullet\"}},{\"type\":\"text\",\"props\":{\"margin\":\"default\",\"column_breakpoint\":\"m\",\"content\":\"\n\n<ul>\\n\n\n<li>Gel\\u00e4nder<\\\/li>\\n\n\n<li>\\u00dcberdachungen und Vord\\u00e4cher mit Glas und Trapezblech<\\\/li>\\n\n\n<li>Z\\u00e4une<\\\/li>\\n\n\n<li>Treppen und Balkone<\\\/li>\\n\n\n<li>Sonderanfertigungen f\\u00fcr Industrie und Daheim<\\\/li>\\n\n\n<li>Kunstschmiedearbeiten<\\\/li>\\n\n\n<li>Schwei\\u00dfen von Stahl, Edelstahl- und Aluminiumbauteilen<\\\/li>\\n\n\n<li>Design f\\u00fcr Haus und Garten (z.B. Tischgestelle, Blumenk\\u00e4sten aus Cortenstahl, etc.)<\\\/li>\\n\n\n<li>Moderne CAD-Planung<\\\/li>\\n<\\\/ul>\"}}]},{\"type\":\"column\",\"props\":{\"image_position\":\"center-center\",\"media_overlay_gradient\":\"\",\"width_medium\":\"1-2\"},\"children\":[{\"type\":\"image\",\"props\":{\"margin\":\"default\",\"image_svg_color\":\"emphasis\",\"image\":\"wp-content\\\/uploads\\\/2021\\\/04\\\/milling-cutters-3738903-scaled.jpg\"}}]}]}]},{\"type\":\"section\",\"props\":{\"style\":\"muted\",\"width\":\"default\",\"vertical_align\":\"middle\",\"title_position\":\"top-left\",\"title_rotation\":\"left\",\"title_breakpoint\":\"xl\",\"image_position\":\"center-center\",\"id\":\"tore-tueren\"},\"children\":[{\"type\":\"row\",\"children\":[{\"type\":\"column\",\"props\":{\"image_position\":\"center-center\",\"media_overlay_gradient\":\"\",\"width_medium\":\"1-2\"},\"children\":[{\"type\":\"headline\",\"props\":{\"title_element\":\"h1\",\"content\":\"Tore &amp; T\\u00fcren\",\"title_decoration\":\"bullet\"}},{\"type\":\"text\",\"props\":{\"margin\":\"default\",\"column_breakpoint\":\"m\",\"content\":\"\n\n<ul>\\n\n\n<li>Garagentore<\\\/li>\\n\n\n<li>Industrietore<\\\/li>\\n\n\n<li>Antriebstechnik (Tor- und T\\u00fcrantriebe)<\\\/li>\\n\n\n<li>Einfahrtstore<\\\/li>\\n\n\n<li>Brandschutzt\\u00fcren und Brandschutztore<\\\/li>\\n\n\n<li>Haus- und Mehrzweckt\\u00fcren<\\\/li>\\n<\\\/ul>\"}},{\"type\":\"button\",\"props\":{\"grid_column_gap\":\"small\",\"grid_row_gap\":\"small\",\"margin\":\"default\"},\"children\":[{\"type\":\"button_item\",\"props\":{\"button_style\":\"primary\",\"icon_align\":\"right\",\"content\":\"zum H\\u00f6rmann Konfigurator\",\"link\":\"https:\\\/\\\/www.hoermann.de\\\/konfigurator\\\/?no_cache=1\",\"icon\":\"arrow-right\",\"link_target\":\"blank\"}}]}]},{\"type\":\"column\",\"props\":{\"image_position\":\"center-center\",\"media_overlay_gradient\":\"\",\"width_medium\":\"1-2\"},\"children\":[{\"type\":\"image\",\"props\":{\"margin\":\"default\",\"image_svg_color\":\"emphasis\",\"image\":\"wp-content\\\/uploads\\\/2021\\\/11\\\/PM-2101-F-EuropaPromotion-2021_Bild-1.jpg\"}},{\"type\":\"text\",\"props\":{\"margin\":\"default\",\"column_breakpoint\":\"m\",\"text_style\":\"meta\",\"content\":\"\n\n<p>Abbildung: H\\u00f6rmann KG<\\\/p>\"}}]}],\"props\":{\"layout\":\"1-2,1-2\"}}]},{\"type\":\"section\",\"props\":{\"style\":\"muted\",\"width\":\"default\",\"vertical_align\":\"middle\",\"title_position\":\"top-left\",\"title_rotation\":\"left\",\"title_breakpoint\":\"xl\",\"image_position\":\"center-center\",\"id\":\"service\"},\"children\":[{\"type\":\"row\",\"children\":[{\"type\":\"column\",\"props\":{\"image_position\":\"center-center\",\"media_overlay_gradient\":\"\",\"width_medium\":\"1-2\"},\"children\":[{\"type\":\"headline\",\"props\":{\"title_element\":\"h1\",\"content\":\"Service\",\"title_decoration\":\"bullet\"}},{\"type\":\"text\",\"props\":{\"margin\":\"default\",\"column_breakpoint\":\"m\",\"content\":\"\n\n<ul>\\n\n\n<li>Reparaturen und Instandsetzungen aller Art<\\\/li>\\n\n\n<li>Wartung<\\\/li>\\n\n\n<li>UVV-Pr\\u00fcfung<\\\/li>\\n\n\n<li>Wartungsvertrag<\\\/li>\\n<\\\/ul>\"}}]},{\"type\":\"column\",\"props\":{\"image_position\":\"center-center\",\"media_overlay_gradient\":\"\",\"width_medium\":\"1-2\"},\"children\":[{\"type\":\"image\",\"props\":{\"margin\":\"default\",\"image_svg_color\":\"emphasis\",\"image\":\"wp-content\\\/uploads\\\/2021\\\/05\\\/Horn_Metallbau_002.jpg\"}}]}],\"props\":{\"layout\":\"1-2,1-2\"}}]},{\"type\":\"section\",\"props\":{\"style\":\"default\",\"width\":\"default\",\"vertical_align\":\"middle\",\"title_position\":\"top-left\",\"title_rotation\":\"left\",\"title_breakpoint\":\"xl\",\"image_position\":\"center-center\"},\"children\":[{\"type\":\"row\",\"children\":[{\"type\":\"column\",\"props\":{\"image_position\":\"center-center\",\"media_overlay_gradient\":\"\"},\"children\":[]}]}]},{\"type\":\"section\",\"props\":{\"style\":\"primary\",\"width\":\"default\",\"vertical_align\":\"middle\",\"title_position\":\"top-left\",\"title_rotation\":\"left\",\"title_breakpoint\":\"xl\",\"image_position\":\"center-center\",\"id\":\"ueber-uns\"},\"children\":[{\"type\":\"row\",\"children\":[{\"type\":\"column\",\"props\":{\"image_position\":\"center-center\",\"media_overlay_gradient\":\"\"},\"children\":[{\"type\":\"headline\",\"props\":{\"title_element\":\"h1\",\"content\":\"Handwerk seit mehr als 125 Jahren\",\"title_decoration\":\"bullet\"}},{\"type\":\"overlay-slider\",\"props\":{\"show_title\":false,\"show_meta\":false,\"show_content\":false,\"show_link\":false,\"slider_width\":\"fixed\",\"slider_width_default\":\"1-1\",\"slider_width_medium\":\"1-5\",\"slider_min_height\":300,\"slider_gap\":\"small\",\"slider_autoplay_pause\":false,\"nav\":\"\",\"nav_align\":\"center\",\"nav_breakpoint\":\"s\",\"slidenav\":\"default\",\"slidenav_margin\":\"medium\",\"slidenav_breakpoint\":\"s\",\"slidenav_outside_breakpoint\":\"xl\",\"overlay_mode\":\"cover\",\"overlay_position\":\"center\",\"overlay_transition\":\"fade\",\"title_hover_style\":\"reset\",\"title_element\":\"h3\",\"meta_style\":\"meta\",\"meta_align\":\"below-title\",\"meta_element\":\"div\",\"link_text\":\"Read more\",\"link_style\":\"default\",\"text_align\":\"center\",\"margin\":\"default\",\"slider_autoplay\":true,\"slider_velocity\":\"0.05\",\"slider_autoplay_interval\":\"1\",\"slidenav_hover\":true},\"children\":[{\"type\":\"overlay-slider_item\",\"props\":{\"title\":\"horn_02\",\"image\":\"wp-content\\\/uploads\\\/2021\\\/04\\\/horn_02-scaled.jpg\"}},{\"type\":\"overlay-slider_item\",\"props\":{\"title\":\"horn_03\",\"image\":\"wp-content\\\/uploads\\\/2021\\\/04\\\/horn_03-scaled.jpg\"}},{\"type\":\"overlay-slider_item\",\"props\":{\"title\":\"horn_04\",\"image\":\"wp-content\\\/uploads\\\/2021\\\/04\\\/horn_04-scaled.jpg\"}},{\"type\":\"overlay-slider_item\",\"props\":{\"title\":\"20180324153252_01\",\"image\":\"wp-content\\\/uploads\\\/2021\\\/04\\\/20180324153252_01-scaled.jpg\"}},{\"type\":\"overlay-slider_item\",\"props\":{\"title\":\"Horn_Metallbau_002\",\"image\":\"wp-content\\\/uploads\\\/2021\\\/11\\\/Horn_Metallbau_002.jpg\"}},{\"type\":\"overlay-slider_item\",\"props\":{\"title\":\"Horn_Metallbau_001_historie\",\"image\":\"wp-content\\\/uploads\\\/2021\\\/11\\\/Horn_Metallbau_001_historie.jpg\"}},{\"type\":\"overlay-slider_item\",\"props\":{\"title\":\"Horn_Metallbau_003-historie\",\"image\":\"wp-content\\\/uploads\\\/2021\\\/11\\\/Horn_Metallbau_003-historie.jpg\"}}]},{\"type\":\"text\",\"props\":{\"margin\":\"default\",\"column_breakpoint\":\"m\",\"content\":\"\n\n<p>1895 wurde der Handwerksbetrieb als Schmiede &amp; Hufbeschlag gegr\\u00fcndet und mittlerweile in der vierten Generation gef\\u00fchrt. Im Jahr 1962 fand der Umzug von der Metzlersreuther Stra\\u00dfe in die Heinrich-Christian-Funck-Stra\\u00dfe statt. Wir k\\u00f6nnen mittlerweile auf eine \\u00fcber 125-j\\u00e4hrige Firmengeschichte zur\\u00fcckblicken.<\\\/p>\"}}]}]}]},{\"type\":\"section\",\"props\":{\"style\":\"default\",\"width\":\"default\",\"vertical_align\":\"middle\",\"title_position\":\"top-left\",\"title_rotation\":\"left\",\"title_breakpoint\":\"xl\",\"image_position\":\"center-center\"},\"children\":[{\"type\":\"row\",\"children\":[{\"type\":\"column\",\"props\":{\"image_position\":\"center-center\",\"media_overlay_gradient\":\"\"},\"children\":[]}]}]},{\"type\":\"section\",\"props\":{\"style\":\"muted\",\"width\":\"default\",\"vertical_align\":\"middle\",\"title_position\":\"top-left\",\"title_rotation\":\"left\",\"title_breakpoint\":\"xl\",\"image_position\":\"center-center\"},\"children\":[{\"type\":\"row\",\"children\":[{\"type\":\"column\",\"props\":{\"image_position\":\"center-center\",\"media_overlay_gradient\":\"\"},\"children\":[{\"type\":\"headline\",\"props\":{\"title_element\":\"h1\",\"content\":\"Wir freuen uns von Ihnen zu h\\u00f6ren\",\"title_decoration\":\"bullet\"}}]}]},{\"type\":\"row\",\"props\":{\"layout\":\"1-2,1-2\"},\"children\":[{\"type\":\"column\",\"props\":{\"image_position\":\"center-center\",\"media_overlay_gradient\":\"\",\"width_medium\":\"1-2\"},\"children\":[{\"type\":\"text\",\"props\":{\"margin\":\"default\",\"column_breakpoint\":\"m\",\"content\":\"\n\n<p><strong>Horn Metallbau<\\\/strong><br \\\/>Heinrich-Christian-Funck-Str. 15a<br \\\/>95482 Gefrees<\\\/p>\\n\n\n<p>Tel.: 09254 91236<br \\\/>Fax: 09254 91237<\\\/p>\\n\n\n<p>E-Mail: horn.metallbau@gmail.com<\\\/p>\"}},{\"type\":\"map\",\"props\":{\"show_title\":false,\"show_meta\":false,\"show_content\":false,\"show_image\":false,\"show_link\":false,\"type\":\"roadmap\",\"zoom\":\"15\",\"controls\":true,\"zooming\":false,\"dragging\":false,\"min_zoom\":0,\"max_zoom\":18,\"title_hover_style\":\"reset\",\"title_element\":\"h3\",\"meta_style\":\"meta\",\"meta_align\":\"below-title\",\"meta_element\":\"div\",\"image_svg_color\":\"emphasis\",\"link_text\":\"Read more\",\"link_style\":\"default\",\"margin\":\"default\"},\"children\":[{\"type\":\"map_item\",\"props\":{\"location\":\"50.0944,11.7409\"}}]}]},{\"type\":\"column\",\"props\":{\"image_position\":\"center-center\",\"media_overlay_gradient\":\"\",\"width_medium\":\"1-2\"},\"children\":[{\"type\":\"html\",\"props\":{\"content\":\"[wpforms id=\\\"1404\\\" title=\\\"false\\\"]\"}}]}]}]}],\"version\":\"2.4.2\"} --><\/p>\n","protected":false},"excerpt":{"rendered":"<p>Horn Metallbau seit 1895 Familienbetrieb in der vierten Generation Metallbau Gel\u00e4nder \u00dcberdachungen und Vord\u00e4cher mit Glas und Trapezblech Z\u00e4une Treppen und Balkone Sonderanfertigungen f\u00fcr Industrie und Daheim Kunstschmiedearbeiten Schwei\u00dfen von Stahl, Edelstahl- und Aluminiumbauteilen Design f\u00fcr Haus und Garten (z.B. Tischgestelle, Blumenk\u00e4sten aus Cortenstahl, etc.) Moderne CAD-Planung Tore &amp; T\u00fcren Garagentore Industrietore Antriebstechnik (Tor- und [&hellip;]<\/p>\n","protected":false},"author":1,"featured_media":0,"parent":0,"menu_order":9,"comment_status":"open","ping_status":"open","template":"","meta":[],"_links":{"self":[{"href":"https:\/\/horn-metallbau.de\/index.php?rest_route=\/wp\/v2\/pages\/1"}],"collection":[{"href":"https:\/\/horn-metallbau.de\/index.php?rest_route=\/wp\/v2\/pages"}],"about":[{"href":"https:\/\/horn-metallbau.de\/index.php?rest_route=\/wp\/v2\/types\/page"}],"author":[{"embeddable":true,"href":"https:\/\/horn-metallbau.de\/index.php?rest_route=\/wp\/v2\/users\/1"}],"replies":[{"embeddable":true,"href":"https:\/\/horn-metallbau.de\/index.php?rest_route=%2Fwp%2Fv2%2Fcomments&post=1"}],"version-history":[{"count":35,"href":"https:\/\/horn-metallbau.de\/index.php?rest_route=\/wp\/v2\/pages\/1\/revisions"}],"predecessor-version":[{"id":1450,"href":"https:\/\/horn-metallbau.de\/index.php?rest_route=\/wp\/v2\/pages\/1\/revisions\/1450"}],"wp:attachment":[{"href":"https:\/\/horn-metallbau.de\/index.php?rest_route=%2Fwp%2Fv2%2Fmedia&parent=1"}],"curies":[{"name":"wp","href":"https:\/\/api.w.org\/{rel}","templated":true}]}}